 3*i**2. Let q be w(-11). What are the prime factors of j(q)?
71
Let k(y) = 2*y**2 - 77*y + 358. List the prime factors of k(62).
2, 409
Let y = 43483 + -15985. List the prime factors of y.
2, 3, 4583
Let j be 3161/1 + (39 - 34). Suppose -13*a + j - 982 = 0. List the prime factors of a.
2, 3, 7
Let b = 11318 - 3428. List the prime factors of b.
2, 3, 5, 263
Let x(o) = 8 + 0*o**2 + 7*o**2 - 3*o**2 + 21*o + 0. Let y be x(-5). Suppose -y*d + 305 + 4 = 0. What are the prime factors of d?
103
List the prime factors of 8584 + -10 - (-20)/(-5) - -3.
8573
Let l = 30 + -28. Suppose -l*b + 0*b = -826. Suppose 5*s = -z + b, 5*z = -5*s + z + 407. List the prime factors of s.
83
Suppose 2*v = s - 0*v - 1593, 0 = -5*s + 2*v + 7941. Suppose -2*t - 15*q + 16*q = -789, 0 = 4*t + q - s. List the prime factors of t.
2, 3, 11
Let g = -252 + 238. Let a = g + 119. What are the prime factors of a?
3, 5, 7
Suppose 0 = 34*m - 41*m. Suppose m = 210*t - 206*t - 128. List the prime factors of t.
2
Let k(o) = 85*o + 70. Let g(j) = -4*j**2 - 23*j + 9. Let h be g(-6). List the prime factors of k(h).
5, 13
Let z(q) be the first derivative of -q**2 - 21*q - 19. Let j be z(-13). Suppose -152 + 41 = -3*v + 3*h, 235 = j*v + 5*h. What are the prime factors of v?
2, 3, 7
Let f = 152 + -254. Let g = 357 + f. List the prime factors of g.
3, 5, 17
Let r = 574 + -565. Let i(m) = 81*m - 333. What are the prime factors of i(r)?
2, 3, 11
Let h = 296 + -291. List the prime factors of (2 + 3)/h - -297.
2, 149
Let m(a) = -11*a - 7. Let j(g) = -g**2 - 15*g - 15. Let v be j(-11). Let y = 19 - v. List the prime factors of m(y).
103
Suppose -4*l - 3*v + 236700 = 0, 0 = l + 41*v - 39*v - 59175. What are the prime factors of l?
3, 5, 263
Let o = 44 + -44. Suppose 8*f - 39 - 73 = o. What are the prime factors of f?
2, 7
Let q be ((4/(-3))/(-2))/((-2)/12). List the prime factors of (-34)/((-7)/(-448)*q).
2, 17
Suppose 18*l - 17*l - 2*x + 2 = 0, 0 = -3*x + 9. Suppose l*k - 7*k + 732 = 0. List the prime factors of k.
2, 61
Let l(u) = u**3 - 3*u**2 + 2*u. Let w be l(3). Let d(i) = -5 + w - 23*i - 12*i - 6. List the prime factors of d(-2).
5, 13
Let m = 281 + -280. Suppose 5*b + 227 - 1027 = 0. What are the prime factors of m/1*(-9)/((-45)/b)?
2
Let g = 30 + -27. Suppose 1482 = g*c - 0*c - 3*n, -3*c + n + 1474 = 0. List the prime factors of c.
2, 5, 7
Suppose -2*z - 163 = 5*l, 2*z - l + 359 = -2*z. Let g = z - -205. List the prime factors of g.
2, 29
Let z(a) = -2*a**3 - 4*a**2 - 3*a - 7. Let y be z(-5). Suppose 0 = 5*i - y - 242. Let q = i - -18. List the prime factors of q.
2, 7
Let j(a) = 29*a**2 + 10*a - 341. List the prime factors of j(-25).
2, 11, 797
Let t(o) = -207*o**3 + o**2 + 155*o + 958. List the prime factors of t(-6).
2, 29, 193
Let h = -84 + 102. Let f(q) = 7 - 28 - 55*q + h. What are the prime factors of f(-2)?
107
Let u(q) = -22*q + 2257. List the prime factors of u(45).
7, 181
Let s(m) = -8*m - 58. Suppose 0 = -22*y + 21*y - 7. Let p be s(y). List the prime factors of (13/1 + 3)/(p/(-8)).
2
Let f(q) = 4*q**3 - 2*q**2 - 2*q + 4. Let s be f(1). Suppose -3*k + 5 = -s. Suppose -8*w + 560 = -k*w. What are the prime factors of w?
2, 7
Let f = -279 - -35. Let o = 407 + f. What are the prime factors of o?
163
Let f(h) = h**2 + 6*h - 4. Let d be f(-4). Let p be d*(2/(-5) - 36/135). List the prime factors of (p/32)/(1/68).
17
Suppose -21*t = -25*t - 12. What are the prime factors of -5 + (t - -7 - 3) - -214?
2, 3, 5, 7
Let a(w) be the first derivative of 55*w**3 - w + 13. Let g be a(1). Suppose -2*q - 22 = -g. List the prime factors of q.
71
Suppose 5*a + 24 = -b + 3, -13 = 4*a - 3*b. Let q(p) = -3*p - 9. Let h be q(a). What are the prime factors of 84/((4/h)/2)?
2, 3, 7
Let i = -41964 + 78755. What are the prime factors of i?
36791
Let d(q) = -q**3 - 15*q**2 - q - 8. Let j be d(-15). Suppose -11 = -j*g + 38. What are the prime factors of (g/21)/((-2)/(-654))?
109
Let x(f) = -80*f - 125. Let a(d) = 27*d + 42. Let g(o) = 8*a(o) + 3*x(o). What are the prime factors of g(-6)?
3, 5, 7
Suppose 12 = 4*p - 2*y, p - 2*y - 6 = -3. Suppose -4*f = 5*a - 572, 814 - 245 = 5*a + p*f. Let g = a + -66. List the prime factors of g.
2, 23
Let v(y) = -9*y + 34. Let c(m) = -m**3 + 5*m**2 - 10*m + 15. Let g be c(6). Let x = g + 68. What are the prime factors of v(x)?
151
Suppose -2*b = -126 + 6. Suppose 5*l = 4*a + 7*l + 6, 0 = -3*a + 4*l + 34. Suppose -272 = -a*o + b. What are the prime factors of o?
2, 83
Let w(h) = 3252*h - 200. What are the prime factors of w(2)?
2, 197
Suppose 19*l - 236 = 21*l. Let f = l + 116. Let v(o) = -18*o - 4. What are the prime factors of v(f)?
2
Suppose k + 3*n = 630, 4*n - 1186 - 679 = -3*k. Suppose 0 = 112*r - 115*r + k. List the prime factors of r.
5, 41
Let l(n) = -2*n**2 + 146*n - 643. What are the prime factors of l(61)?
821
List the prime factors of (21255/7)/((-64)/(-1344)).
3, 5, 13, 109
Suppose -4 + 12 = 4*o, 0 = -5*u - 4*o + 7283. List the prime factors of u.
3, 5, 97
Let x(l) = -22*l**2 + 2*l + 1. Let n be x(-1). Let t = n + 62. Suppose 3*d = 120 + t. List the prime factors of d.
53
Suppose -3*l = 3*r - 9435, -3*l - 1244 = -2*r + 5036. List the prime factors of r.
7, 449
Let m = 5677 - -6716. List the prime factors of m.
3, 17
Suppose 4*r - 9*k = -7*k + 3862, -4800 = -5*r - 3*k. List the prime factors of r.
3, 107
Suppose 298 = -14*p + 4. Let s(g) = 2*g**2 + 39*g - 42. What are the prime factors of s(p)?
3, 7
Suppose -11*n - 95751 = -13*n - 5*m, -3*n = 5*m - 143629. List the prime factors of n.
2, 37, 647
Let k be (-3)/5 + (-2506)/(-35). Let w be 188/7 + (-4)/(-28) - -1. Suppose -w*v + 27*v = -k. List the prime factors of v.
71
Let q be 4975/(-2)*84/(-105). Suppose 6*z = z - r + q, -1171 = -3*z + 4*r. What are the prime factors of z?
397
Suppose 33*n - 816868 = 760565. What are the prime factors of n?
13, 3677
Let f = -63363 + 125649. What are the prime factors of f?
2, 3, 7, 1483
Suppose 5*i - 5 = q, -i + 20 = 5*q - 7. Suppose 5*p = -4*d + 3490, 3*p - i*d = p + 1378. What are the prime factors of p?
2, 347
Let s = -7335 - -8697. What are the prime factors of s?
2, 3, 227
Let j be (-4180)/(-15) - (24/9 - 1). Suppose 4*r - 545 = -0*s - 3*s, 3*s + j = 2*r. List the prime factors of r.
137
Let m(v) = 8*v - 23. Let w be m(7). Let d be (-4)/(-22) - (-423)/w. Let r = -4 + d. What are the prime factors of r?
3
Suppose -2*t - 108642 = -10*t - 11*t. List the prime factors of t.
2, 3, 953
Suppose -8 = 2*l + 2*z, -5*l + 0*z = -3*z - 20. Let y(o) = 92*o**3 - o**2 - o + 1. List the prime factors of y(l).
7, 13
Let j(x) = 2*x**2 + 21*x - 34. Let p be j(-12). Suppose -p*g - 2*b + 350 = -202, 3*g + b = 832. What are the prime factors of g?
2, 139
Let x be (-4)/(12/(-1275))*(0 - 1). Let k = -185 - x. What are the prime factors of k?
2, 3, 5
Let c = -151 + 219. Let s be (-3 - -2 - 2) + c. Suppose -y + 167 + s = 0. List the prime factors of y.
2, 29
Let f(x) = 96*x + 46. Let g(y) = -19*y - 9. Let i(h) = -3*f(h) - 16*g(h). Let w be i(9). What are the prime factors of -1 - ((-4)/(-1) - w)?
5, 29
Suppose 26*y + 4536 = 330576. List the prime factors of y.
2, 3, 5, 11, 19
Let g = -3050 - -28565. What are the prime factors of g?
3, 5, 7
Let m(f) = -f**2 - 19*f + 9940. List the prime factors of m(0).
2, 5, 7, 71
Suppose -9*u + 42*u = 165. Let f(g) = 2*g**3 + 5*g**2 + 29*g - 150. List the prime factors of f(u).
2, 5, 37
Let i = 230 - 238. List the prime factors of 2778/12 + (-4 - 44/i).
233
Suppose x = -13*l + 18989, 3*x - l + 18965 = 4*x. What are the prime factors of x?
3, 7, 43
Suppose -136685 + 36468 = -13*h. List the prime factors of h.
13, 593
Suppose -2*i + 2*f + 21709 = -42277, 2*i + 5*f - 64007 = 0. List the prime factors of i.
2, 19, 421
Let u = 76 - 72. Let f be u*(-6)/8*4/(-2). List the prime factors of -363*(3 - f)/9.
11
Let d = 55 + -53. Suppose 41 = f - 2*v - 229, -2 = -d*v. What are the prime factors of f?
2, 17
Let z be 1008/162 + 4/(-18). Suppose 2*j = z*j - 3*o - 286, -3*j - 5*o = -200. Suppose 2*m + 4*s - 290 = j, -s - 186 = -m. List the prime factors of m.
2, 23
Let p = -1927 + 3841. What are the prime factors of p?
2, 3, 11, 29
Suppose -5*h = a - 2*a + 1, 2*h = 5*a - 5. Suppose -o + 6*o - 15 = h, 5*s + 2*o = 2911. What are the prime factors of s?
7, 83
Let x be 129 - (-7 -